
-3
Let u(h) = -2*h - 3. Suppose 2*v + 13 = a, 12 = 2*v - 6*a + 10*a. Calculate u(v).
5
Let x(o) be the first derivative of o**4/4 - o**2/2 - o + 4. Let d be 6*(-7 - -4)/9. Determine x(d).
-7
Let i(o) be the second derivative of -o**4/6 + o**3/6 + 26*o. What is i(-3)?
-21
Let f = 5 + -3. Let t(i) = 0 + 0 + f*i - 4*i. What is t(1)?
-2
Let i(g) = -57*g**2 + 58*g**2 - 1 + 3*g + 2. What is i(-1)?
-1
Let v be (-4)/18 - (-145)/45. Let z(b) = b - 2. Let i(j) = -1. Let m(a) = 2*i(a) - z(a). Determine m(v).
-3
Let f be (-6)/(-9) + (-8)/(-6). Let u(d) be the first derivative of d**2/2 + 2*d + 1. What is u(f)?
4
Let p(b) = -b**2 - 24*b - 15. Let r be p(-23). Let a(z) = -z + 18. Calculate a(r).
10
Let g(z) = 7*z**2 + 7*z - 13*z**2 - 13 - 38*z - 1. Let m(i) = i**2 + 6*i + 3. Let u(o) = 2*g(o) + 11*m(o). Suppose 0*a = -2*a + 8. Calculate u(a).
5
Let a(v) = v**3 - 3*v**2 - 3*v + 3. Suppose 0 = -g + w, g - 3*g = 4*w + 12. Let j be 6/4*(0 - g). Determine a(j).
-6
Let z(o) = -2*o**3 - 6*o**2 - 4*o - 4. Let i(j) = j**3 + 3*j**2 + 2*j + 2. Let g(y) = 7*i(y) + 3*z(y). What is g(-2)?
2
Let l(d) = -d**3 + 2*d**2 + 5*d + 3. Suppose 2*q - q - 12 = -4*a, 16 = 4*q. Let z be a - (0 + (1 - 3)). Give l(z).
-9
Let y(w) = -5*w + 2*w + 10 + 2*w. Let n be y(7). Suppose -4*h = 2*m - 0*h + 14, -n*m - 2*h - 5 = 0. Let l(i) = 3*i. What is l(m)?
3
Let k(d) = d**3 + 5*d**2 - 4. Suppose -22*w = -24*w - 8. Calculate k(w).
12
Let z(c) = 0*c + 9 - 1 - 2*c - 9. What is z(2)?
-5
Let d(i) = -i - 8. Let v be d(-6). Let j(m) = -2 - 1 + 3 - 2*m. Give j(v).
4
Let i(u) = u**2 + 5*u + 4. Suppose 0 = -s + 3*s - 36. Let c be ((-6)/s)/((-1)/(-15)). Calculate i(c).
4
Let b(g) be the third derivative of -g**6/120 + g**5/30 - g**4/12 + g**3/3 - 16*g**2 + 2. Give b(3).
-13
Let a(v) = -v**3 - 6*v**2 - v - 2. Let u be a(-6). Let f(m) be the first derivative of -1/2*m**2 - 7*m + u - 1/3*m**3. Determine f(0).
-7
Let m(o) = 3*o**2 - 1. Suppose 4*c + 4 - 12 = 0. Let q be c/6 + (-2)/(-3). Give m(q).
2
Let r be (-1 + 0)/(1/1). Let g(k) be the third derivative of 0*k + 0 + 1/12*k**4 + 1/6*k**3 - 3*k**2. Calculate g(r).
-1
Let n(k) be the third derivative of 0 + 1/24*k**4 + 0*k - 1/60*k**5 + k**2 + 1/2*k**3. What is n(-3)?
-9
Let m(t) = t**3 - t**2 + 11*t + 4. Let k(s) = -s**3 + 2*s**2 - 9*s - 3. Let v(i) = 4*k(i) + 3*m(i). Let u be (0 - (-1 + 3))*-2. Determine v(u).
4
Suppose 9 = -3*w - 0*w. Let t = -1 - w. Let p(o) = -t - 7*o + 3*o + 2*o - 4*o. Determine p(-2).
10
Let l(x) be the third derivative of x**6/120 + x**5/12 - x**4/6 + 18*x**2. Calculate l(-5).
20
Let z(c) be the third derivative of c**5/60 - c**4/6 + c**3/3 - c**2. Let y(l) be the first derivative of z(l). Calculate y(5).
6
Let r be 7 - (0 + 8/4). Let w(y) = -9*y + 12. Let n(c) = -3*c + 4. Let t(x) = 8*n(x) - 3*w(x). Determine t(r).
11
Suppose -a + 20 = 4*a. Suppose 4*f - 3 = -r + 11, 2*f - 5*r + a = 0. Let o(k) be the second derivative of -k**4/12 + k**3/3 + k**2 - k. Determine o(f).
-1
Let a(m) = -6 + 4*m**3 - 2*m - 3*m**3 + 9*m**2 - 3*m**2. Suppose -f = -2*f - 13. Let z = 7 + f. Calculate a(z).
6
Let o be (-8)/12 + 4/6. Let u(s) = -5*s**2 - s + 5. Let z(y) = 4*y**2 + y - 4. Let v(j) = -3*u(j) - 4*z(j). Give v(o).
1
Let j = 3 - 0. Let m(x) = 2 + 17*x**3 - x**2 - x - 12*x**j + 20*x**3. Let b(f) = -38*f**3 + 2*f**2 + 2*f - 3. Let z(r) = 5*b(r) + 8*m(r). What is z(-1)?
-9
Let d(y) be the second derivative of -y**4/12 - y**3/2 - y**2 + 15*y. Determine d(-5).
-12
Let p(k) be the second derivative of -5/6*k**3 + k + 1/12*k**4 + 0 + k**2. Calculate p(2).
-4
Let z(r) = 5*r + 3. Let w(h) = -2*h - 1. Let m be w(-8). Suppose -m + 145 = 5*t. Suppose -t = 2*j + 4*p, 0 = -6*j + j + 3*p. What is z(j)?
-12
Let h(k) = k**2 + 10*k + 7. Suppose -m + 3*f + 42 = -4*m, -m - 2*f = 19. What is h(m)?
-2
Let m(o) = -o**2 + 3*o - 4. Let k be (-1)/((-3)/6) - -1. What is m(k)?
-4
Let t(j) = 11*j**3 + 11*j - 11. Let f(o) = 5*o**3 + 5*o - 5. Let h(n) = 13*f(n) - 6*t(n). What is h(2)?
-9
Let z be -1 - (-27)/(-45)*(-6 - -1). Let m(a) = a**3 + 2*a - 3. Calculate m(z).
9
Let w(p) = p + 2. Let s(n) = 3*n + 5. Let k(b) = 3*s(b) - 7*w(b). Let v be 1/3 + (-6)/(-9). Let r be (-3)/(v - -2) + 3. What is k(r)?
5
Let o(m) be the third derivative of -m**4/8 - m**3/6 - 7*m**2 + 2. What is o(4)?
-13
Let h be 5*(-1 - -2)*-1. Let y(j) be the second derivative of j**5/60 + 5*j**4/24 - j**3/2 + j**2 - j. Let z(u) be the first derivative of y(u). Determine z(h).
-3
Let k(h) = -6*h**2 + 10*h + 15. Let z(v) = -5*v**2 + 9*v + 14. Let q(m) = -4*k(m) + 5*z(m). Determine q(7).
-4
Let t(l) be the second derivative of 1/2*l**4 + 5/6*l**3 + 0 - 3*l + 2*l**2 + 1/20*l**5. Calculate t(-5).
4
Let p(q) = q**3 - q**2 - q + 1. Suppose 4*j = -c - 3*c + 16, -c = 5*j - 16. Let h = 1 - j. Give p(h).
-9
Suppose -3*x - 6 = 3*r, -4*r + 4 = -3*x - 16. Let b(h) be the second derivative of 0*h**3 - 2*h**r + 1/4*h**4 + 0 - 2*h + 1/20*h**5. What is b(-3)?
-4
Let z(o) be the first derivative of o**3/2 - 2*o + 1. Let u(x) be the first derivative of z(x). Calculate u(-2).
-6
Let t(g) = -g - 1. Let x(f) = -5*f - 5. Let n(w) = -3*t(w) + x(w). Give n(3).
-8
Let u(l) = 0 + 0 + l**2 + l + l - 3. Suppose -25 = 3*k + 4*w, -2 = -5*k + 3*w - 5. Give u(k).
0
Let i(z) = -4 - z**2 + 4 + 2 - 2*z. Let p(l) = l - 4. Let g be p(0). Determine i(g).
-6
Let h(s) = s**3 + 10*s**2 + 8*s - 8. Let p be h(-9). Let o(l) = -5*l**3 + 2*l**2 - l. Calculate o(p).
-4
Suppose 35 = 4*r + 3. Suppose 0 = f - r + 2. Let x(w) = w**3 - 5*w**2 - 6*w - 1. Give x(f).
-1
Let m(l) = -14*l**2 - 8*l**2 - 7*l**2 - 1 - 4*l + 28*l**2. Give m(-4).
-1
Let u(m) = 10*m - 11*m + 10 - 4. What is u(8)?
-2
Let n(y) = y - 3. Let k(j) = -j + 4. Let u(a) = 2*k(a) + 3*n(a). Give u(-3).
-4
Let u(b) = -5*b + 1. Let i = -7 + 5. Calculate u(i).
11
Let t = -30 - -28. Let f(o) = -o**3 + o**2 - 3*o - 3. What is f(t)?
15
Let p(j) = -j**3 + 2*j**2 + j. Let l(v) = -v**3 + 3*v**2 + 4*v - 1. Let q be l(4). Give p(q).
2
Let w = 39 - 22. Let c = -11 + w. Let v(z) = -z**2 + 6*z + 4. Determine v(c).
4
Let f = 162 + -103. Let i(r) = -3*r - 61 - r**2 - r**2 + f + 0*r. Let w(l) = l**2 - 5*l + 4. Let t be w(3). Determine i(t).
-4
Let g(o) = -o**2. Let w(r) = -r**3 + 4*r**2 - 5*r - 3. Let t(q) = -2*g(q) + w(q). Suppose 2*u = -b + 10, -2*b = -6*b. Determine t(u).
-3
Let o(j) = j**2 + 10*j - 7. Suppose -2*f - 6*a - 20 = -8*a, 25 = 5*a. Give o(f).
-32
Let t(s) be the third derivative of s**6/180 - s**5/60 + s**4/24 - s**3/2 - 3*s**2. Let l(y) be the first derivative of t(y). Let g = -4 - -6. Calculate l(g).
5
Let x(t) = t + 1. Let v be x(2). Suppose -3*r + 19 = g + 2, -14 = 3*g - 4*r. Let c(w) = 3*w - 3*w**3 - 4*w + 4*w**v - g - 2*w**2. Calculate c(3).
4
Let u(b) = 2*b**2 + 2*b - 5. Let d(h) = 3*h**2 + 3*h - 6. Let v(r) = 3*d(r) - 4*u(r). Let w be 3/(6/2)*-1. Let m be 0*(2 - w)/(-9). Calculate v(m).
2
Let r(z) = z**2 + 2*z - 3. Let v be r(-4). Suppose -5*c = n - 11, -8*n - v*c = -3*n + 5. Let x(b) be the first derivative of 3*b**2/2 + 4*b + 2. Determine x(n).
-8
Let n(z) = 2*z**2 - 2*z + 4. Let t(j) = -j**2 - 1. Let y(d) = -n(d) - 3*t(d). Let w be -1*4/(4/3). Determine y(w).
2
Let t(w) be the third derivative of w**5/60 - w**4/12 - w**3/3 - 17*w**2. What is t(3)?
1
Let b = -2 + 3. Let a be (-2 - 5/(-2))*-34. Let s(r) = 4*r + 1. Let z(l) = -11*l - 3. Let t(o) = a*s(o) - 6*z(o). Determine t(b).
-1
Let u be (-2 + -1)*(-2)/3. Let o(c) = 0*c + 5*c - u*c. Calculate o(-1).
-3
Suppose -3*g = 2*k + 17, -2*k = -2*g - 12 + 4. Let b(w) be the second derivative of -w**4/12 - w**3 - 5*w**2/2 + w. Calculate b(g).
0
Let w(g) = -9*g + 1. Suppose 0 = 3*a + 5*z - 1, -5*a - 3*z + 4 + 3 = 0. Let n be ((-10)/(-40))/(a/8). What is w(n)?
-8
Suppose -5*t - 10 + 30 = 0. Let q be (-2)/(-2) + -2 + t. Suppose -q*g = 2*g - 15. Let w(x) = 2*x**2 - 5*x + 3. Calculate w(g).
6
Let w(r) = -2*r**2 - 5*r**2 + 2*r**2. Let i be ((5/5)/(-1))/(0 + -1). Determine w(i).
-5
Let t be ((-2)/6)/((-2)/12). Let j(z) = -3 - t*z + 3. Determine j(-3).
6
Let l(x) = 5 - 5 - 5*x**2 - 4*x - 3*x**3 - 2 + 2*x**3. Suppose 23 = 4*v + j, -3*v + 3*j - 4 = -2*v. Let i = v - 8. Give l(i).
-8
Let v(t) = -t**3 + 3*t**2 + 6*t - 2. Suppose 5*h - 59 = 1. Suppose 0 = -4*n + n + h. Give v(n).
6
Let c(l) = -l + 5. Suppose -5*i - 25 = 0, -6*u + 5*i + 9 = -2*u. Let m = u + 10. 